What is the tens digit of 148851?
5
What is the tens digit of 504940?
4
What is the tens digit of 10682335?
3
What is the units digit of 5519316?
6
What is the tens digit of 418649?
4
What is the ten thousands digit of 176903?
7
What is the ten thousands digit of 656998?
5
What is the units digit of 504584?
4
What is the thousands digit of 386936?
6
What is the tens digit of 3124929?
2
What is the ten thousands digit of 28488?
2
What is the hundred thousands digit of 5727961?
7
What is the ten thousands digit of 4418178?
1
What is the ten thousands digit of 4637851?
3
What is the hundreds digit of 5201784?
7
What is the millions digit of 1537557?
1
What is the tens digit of 2689042?
4
What is the hundred thousands digit of 1252345?
2
What is the hundred thousands digit of 7293968?
2
What is the units digit of 2817602?
2
What is the hundred thousands digit of 2693407?
6
What is the ten thousands digit of 2962327?
6
What is the hundred thousands digit of 482390?
4
What is the units digit of 2051007?
7
What is the millions digit of 2492772?
2
What is the hundred thousands digit of 267957?
2
What is the millions digit of 5060741?
5
What is the millions digit of 2084054?
2
What is the hundred thousands digit of 1030268?
0
What is the hundred thousands digit of 2356974?
3
What is the units digit of 971231?
1
What is the hundreds digit of 9006424?
4
What is the thousands digit of 566265?
6
What is the hundred thousands digit of 3079972?
0
What is the hundred thousands digit of 183773?
1
What is the hundreds digit of 427570?
5
What is the units digit of 346535?
5
What is the thousands digit of 4794320?
4
What is the thousands digit of 169997?
9
What is the ten thousands digit of 5676010?
7
What is the units digit of 3948609?
9
What is the tens digit of 371621?
2
What is the ten thousands digit of 363909?
6
What is the units digit of 23784754?
4
What is the tens digit of 3878?
7
What is the millions digit of 4199585?
4
What is the tens digit of 450377?
7
What is the millions digit of 3595083?
3
What is the hundred thousands digit of 4078471?
0
What is the hundreds digit of 22340?
3
What is the units digit of 3610453?
3
What is the hundreds digit of 4834388?
3
What is the hundreds digit of 1083405?
4
What is the hundreds digit of 2943594?
5
What is the hundred thousands digit of 4122182?
1
What is the hundred thousands digit of 7728956?
7
What is the ten thousands digit of 1990276?
9
What is the ten millions digit of 37326117?
3
What is the thousands digit of 433351?
3
What is the hundred thousands digit of 872918?
8
What is the millions digit of 9094350?
9
What is the ten thousands digit of 603318?
0
What is the hundreds digit of 29183?
1
What is the ten thousands digit of 3368800?
6
What is the ten thousands digit of 1204985?
0
What is the hundreds digit of 1592094?
0
What is the hundred thousands digit of 219815?
2
What is the ten thousands digit of 16758558?
5
What is the hundred thousands digit of 366784?
3
What is the tens digit of 884253?
5
What is the hundreds digit of 651756?
7
What is the hundred thousands digit of 184458?
1
What is the hundreds digit of 1708581?
5
What is the units digit of 760318?
8
What is the units digit of 611464?
4
What is the hundreds digit of 2238073?
0
What is the ten thousands digit of 118162?
1
What is the units digit of 493198?
8
What is the hundreds digit of 257231?
2
What is the units digit of 1073503?
3
What is the hundreds digit of 1254403?
4
What is the hundred thousands digit of 11502653?
5
What is the units digit of 245084?
4
What is the tens digit of 35011173?
7
What is the ten millions digit of 22955913?
2
What is the tens digit of 20756?
5
What is the units digit of 618359?
9
What is the units digit of 6786935?
5
What is the ten thousands digit of 15601787?
0
What is the thousands digit of 3204764?
4
What is the thousands digit of 161002?
1
What is the tens digit of 236390?
9
What is the ten thousands digit of 2106266?
0
What is the tens digit of 8012153?
5
What is the units digit of 2007802?
2
What is the hundreds digit of 20408017?
0
What is the tens digit of 334005?
0
What is the tens digit of 202054?
5
What is the units digit of 750198?
8
What is the millions digit of 3470130?
3
What is the hundreds digit of 409074?
0
What is the units digit of 15169534?
4
What is the thousands digit of 313868?
3
What is the hundreds digit of 436445?
4
What is the millions digit of 1402119?
1
What is the hundred thousands digit of 16270099?
2
What is the tens digit of 9862134?
3
What is the hundred thousands digit of 6968115?
9
What is the hundreds digit of 1608854?
8
What is the hundred thousands digit of 17749199?
7
What is the hundreds digit of 16095010?
0
What is the millions digit of 18252074?
8
What is the hundreds digit of 34242786?
7
What is the hundreds digit of 21480171?
1
What is the units digit of 10071974?
4
What is the ten thousands digit of 199028?
9
What is the ten thousands digit of 27494?
2
What is the tens digit of 5125156?
5
What is the tens digit of 5998615?
1
What is the hundred thousands digit of 2709244?
7
What is the hundred thousands digit of 1063880?
0
What is the thousands digit of 802422?
2
What is the millions digit of 1105810?
1
What is the ten thousands digit of 257902?
5
What is the millions digit of 1124221?
1
What is the ten thousands digit of 4295519?
9
What is the hundred thousands digit of 373768?
3
What is the hundred thousands digit of 1403122?
4
What is the hundreds digit of 1140157?
1
What is the hundreds digit of 2921157?
1
What is the hundred thousands digit of 161821?
1
What is the tens digit of 244943?
4
What is the hundreds digit of 791524?
5
What is the hundred thousands digit of 1544465?
5
What is the thousands digit of 116150?
6
What is the hundred thousands digit of 17977155?
9
What is the hundred thousands digit of 2021065?
0
What is the thousands digit of 10557095?
7
What is the ten thousands digit of 21228?
2
What is the ten millions digit of 23368756?
2
What is the millions digit of 3249259?
3
What is the ten thousands digit of 3124177?
2
What is the millions digit of 6423163?
6
What is the thousands digit of 9233414?
3
What is the hundreds digit of 6243352?
3
What is the tens digit of 2140494?
9
What is the millions digit of 23708339?
3
What is the thousands digit of 25390?
5
What is the units digit of 1013323?
3
What is the ten thousands digit of 978759?
7
What is the tens digit of 20515505?
0
What is the hundred thousands digit of 254882?
2
What is the tens digit of 1262233?
3
What is the tens digit of 1748271?
7
What is the ten thousands digit of 10379354?
7
What is the ten thousands digit of 229204?
2
What is the units digit of 452854?
4
What is the hundreds digit of 898265?
2
What is the hundreds digit of 196688?
6
What is the thousands digit of 390822?
0
What is the ten thousands digit of 10660572?
6
What is the millions digit of 19686910?
9
What is the hundreds digit of 248587?
5
What is the units digit of 649910?
0
What is the ten thousands digit of 6483591?
8
What is the hundreds digit of 115054?
0
What is the hundred thousands digit of 137221?
1
What is the units digit of 50256?
6
What is the tens digit of 3322599?
9
What is the hundred thousands digit of 6278169?
2
What is the tens digit of 189916?
1
What is the hundreds digit of 188906?
9
What is the thousands digit of 317133?
7
What is the ten thousands digit of 22025942?
2
What is the tens digit of 370740?
4
What is the thousands digit of 59996?
9
What is the ten thousands digit of 3198541?
9
What is the hundreds digit of 38813?
8
What is the hundred thousands digit of 600458?
6
What is the hundreds digit of 21749?
7
What is the thousands digit of 233149?
3
What is the thousands digit of 252320?
2
What is the hundreds digit of 800630?
6
What is the ten thousands digit of 3784499?
8
What is the units digit of 14908?
8
What is the hundred thousands digit of 24556764?
5
What is the millions digit of 5948322?
5
What is the millions digit of 2114525?
2
What is the ten thousands digit of 45915?
4
What is the thousands digit of 4364914?
4
What is the hundreds digit of 6816063?
0
What is the tens digit of 5396966?
6
What is the units digit of 354202?
2
What is the ten thousands digit of 19564500?
6
Wha